r when n is divided by 13?
11
Let v be 2 - (1 + 4 - 0). Let i(j) = j**2 - 3*j. Let f be i(v). Suppose 0 = 4*a - f - 54. Calculate the remainder when 52 is divided by a.
16
Calculate the remainder when 27 is divided by 93/9 + 2/(-6).
7
Suppose 5*z - 3*m - m - 267 = 0, 5*m + 45 = z. What is the remainder when z is divided by 19?
17
Suppose -2*w + 30 = 6. What is the remainder when 46 is divided by w?
10
Suppose 2*a = 2*q - 122, -2*q + 6*a = 2*a - 130. Calculate the remainder when q is divided by 20.
17
Let o(m) = 2*m - 9. Let g be o(6). Suppose -8*v + 65 = -g*v. Suppose 0 = -2*l + 9 + v. What is the remainder when 32 is divided by l?
10
Suppose 4*r = -4*w + 8, 2*r = -4*w - w + 4. Suppose -2*f + 3*x = -2, -2*f - r*x + 24 = 2. Calculate the remainder when 12 is divided by f.
5
Suppose 0*t - 2*t - 12 = -2*h, 4*h + 8 = -4*t. Suppose -4*s = c - 45 + 7, 2*s = h*c - 26. Calculate the remainder when 52 is divided by c.
16
Let n be (-1)/(3*(-2)/(-42)). Let r = -1 - n. What is the remainder when 21 is divided by r?
3
Let r be 0/(0 + (-2 - -3)). Suppose r = 4*g - 51 - 25. What is the remainder when 74 is divided by g?
17
Suppose 0 = 6*c + c - 805. Calculate the remainder when c is divided by 59.
56
Let b = 29 - 18. Suppose 4*p = 5*q + 13, 5*q - 2*q = 3*p - 9. Suppose -p*u + 2 = -10. Calculate the remainder when b is divided by u.
5
Suppose -26*y + 24*y + 24 = 0. Calculate the remainder when 30 is divided by y.
6
Suppose 10*b = 5*b + 15. Suppose 2*r = 3*i + 22, 0 = 4*r - 2*r + 2*i - 22. What is the remainder when r is divided by b?
2
Let u be (405/(-5))/((-3)/2). Suppose 3*f + 4*r - 3*r = 71, 0 = -2*f - 2*r + u. Calculate the remainder when 64 is divided by f.
20
Let a = 3 - -1. Suppose 0 = -5*l + 7*l - 26. Calculate the remainder when l is divided by a.
1
Suppose -b + 36 = 2*b. Let i = b + -1. Calculate the remainder when 31 is divided by i.
9
Calculate the remainder when 3 - -34*(5 + -2) is divided by 27.
24
Suppose 0 = 4*o + o - s - 64, 5*o = -s + 56. What is the remainder when 21 is divided by o?
9
Suppose 4*d = 88 + 48. Calculate the remainder when 98 is divided by d.
30
Suppose 2*c = -c + 3. Suppose -c = -p + 2*p. What is the remainder when 28 - ((-4)/2 - p) is divided by 10?
9
Let l(h) = 2*h**2 + 6*h - 11. Calculate the remainder when 15 is divided by l(-5).
6
Suppose 11 = -5*r + 101. Suppose 25 = 4*k - 111. What is the remainder when k is divided by r?
16
Let u(g) = -2*g**3 + 2*g**2 + g. Suppose -q = -3*q - 2. What is the remainder when u(q) is divided by 3?
0
Suppose -3*n + 66 = -n. Let k = n - 21. Calculate the remainder when k is divided by 7.
5
Suppose -t + g = -6*t + 84, -54 = -3*t + 3*g. Let p be (-1)/9*-3*-6. Let d = p + t. Calculate the remainder when 44 is divided by d.
14
Let h = 21 - 19. Calculate the remainder when 5 is divided by h.
1
Suppose -14 = l - 8*i + 3*i, 0 = 5*l - i - 2. Calculate the remainder when 1*5/1 - 2 is divided by l.
0
Let a(b) = b**3 - 4*b**2 + b + 5. Suppose 4*z - 5*d - 68 = 0, -40 = -2*z - 3*d + 7*d. Calculate the remainder when a(5) is divided by z.
11
Suppose 0 = -k - 2*w - 142, 3*w + 2*w = -k - 151. Let t = k - -198. Calculate the remainder when t is divided by 21.
20
Let l(b) = -b**3 - b**2 + 158. What is the remainder when l(0) is divided by 16?
14
Suppose 0 = -4*c + 29 + 15. Calculate the remainder when (c + 1)/((-2)/(-7)) is divided by 11.
9
Let t = 8 + -1. Suppose -2*d + 40 = -6*d. Let v(u) = u**3 + 11*u**2 + 10*u + 3. What is the remainder when t is divided by v(d)?
1
Let b(r) = -r**3 - 3*r**2 + 3*r - 1. Let w be b(-4). Suppose 0 = w*y + 2*y - 5. Calculate the remainder when 16 is divided by (-3)/(-3*y)*6.
4
Suppose 6*q - 111 = 3*q. What is the remainder when 109 is divided by q?
35
Suppose 8 = -11*z + 7*z. Calculate the remainder when 1 is divided by (1/z)/((-2)/4).
0
Let t(a) = 4*a - 79. Suppose -4*u = -8*u + 132. Calculate the remainder when u is divided by t(22).
6
Let o(r) = -12*r - 106. Calculate the remainder when o(-17) is divided by 17.
13
Suppose 116 = 5*o + 26. Calculate the remainder when 88 is divided by o.
16
Let x be ((-45)/6)/(6/(-40)). Suppose 5*v = -5*j + x, -4*j + 9*j = v + 20. Calculate the remainder when 19 is divided by j.
4
Suppose -n + 4*n = 0. Suppose -5*d + 8 = -s, -5*d = -n*d + 5*s + 10. Let x(q) = 4*q - 1. What is the remainder when 8 is divided by x(d)?
2
Let a(w) = 11*w - 1. Let f be a(2). Let z = f - 14. Let q = z + -1. Calculate the remainder when 10 is divided by q.
4
Let x = -6 - -10. Let y = 0 + 3. Suppose -3*o + 15 = y*i, 5*i + 8 = i. Calculate the remainder when o is divided by x.
3
Let d(l) = 7*l - 5. Suppose -i - i + 94 = 4*x, -x - 3*i + 11 = 0. Suppose -2*f = 4*k - x, -4*f - 6 = -6*f. What is the remainder when d(k) is divided by 8?
6
Suppose -5*l + 452 = -0*k + k, 0 = 3*l - 3*k - 264. Calculate the remainder when l is divided by 23.
21
Let d = -45 - -63. Let v = 29 - d. Let s(b) = -2*b**3 - 3*b**2 + b + 7. Calculate the remainder when s(-3) is divided by v.
9
Suppose 4*d = -4 - 0, -1 = 4*a + 5*d. Let f(y) = 2*y**3 + y**2 + y - 1. Let j be f(a). What is the remainder when (j/4)/((-3)/(-132)) is divided by 12?
9
Let s(r) = -15*r - 10. Let j be s(-7). Suppose -t - 3 = 0, -6*v + 5*t + j = -2*v. Calculate the remainder when 39 is divided by v.
19
Let q(a) be the first derivative of -a**2/2 + 11*a - 3. What is the remainder when 8 is divided by q(6)?
3
Let j(y) be the second derivative of 2*y**3/3 + 3*y**2/2 - y. What is the remainder when j(7) is divided by 16?
15
Let z = 18 + -23. Let n = 7 - z. Calculate the remainder when 46 is divided by n.
10
Suppose 4*b - 3 + 31 = 5*y, -5*y + b = -22. Let x be 1*-2*2/y. Calculate the remainder when ((-18)/(-8))/(x/(-8)) is divided by 10.
8
Let d = 5 + -2. Suppose 0 = d*m - 1 + 4. Let c = 17 + m. Calculate the remainder when c is divided by 9.
7
Let a(k) = -k**3 - 11*k**2 + 3*k + 4. Let m be a(-11). Let n = m + 49. Calculate the remainder when 57 is divided by n.
17
Let b = 67 + -27. Calculate the remainder when (126/15)/(6/b) is divided by 19.
18
Suppose -3*w + 542 = 2*w - 3*p, 0 = -4*w + 3*p + 436. Calculate the remainder when w is divided by 12.
10
Suppose -13 = -2*w - 5. Suppose -w*z = -55 - 9. Calculate the remainder when z is divided by 9.
7
Suppose a + 4 = j - 1, -j = 3*a - 21. Let m = 13 + -8. Suppose -5*d - m*t + 80 = 0, 5*d + 3*t - 44 = 36. Calculate the remainder when d is divided by j.
7
Let q be 2/(-9) + (-94)/(-18). What is the remainder when 1 + 5/(q/44) is divided by 12?
9
Suppose -4*a + 83 = -21. What is the remainder when a is divided by 9?
8
Suppose -g + 5*u = -15, -g + 13 - 2 = -u. Suppose h = 3*h - g. What is the remainder when (0 - ((3 - 32) + 3))/2 is divided by h?
3
Suppose -2*x = -p + 4*p - 72, 0 = -5*p. Calculate the remainder when 71 is divided by x.
35
Let r = -74 + 122. What is the remainder when r is divided by 13?
9
Let z(n) = -3*n - 20. Suppose 111 = -4*m + 7*m - 5*u, -4*m + 180 = 4*u. What is the remainder when m is divided by z(-14)?
20
Let l(k) = 4*k - 8. Calculate the remainder when 28 is divided by l(6).
12
Suppose -2*b + c + 3*c = -36, -5*c - 95 = -5*b. Suppose 4*p + w = -4*w + 16, 5*p = -4*w + b. What is the remainder when 7 is divided by p?
3
Let h(j) be the third derivative of -3/2*j**3 + 0*j + 1/10*j**5 - 3*j**2 - 1/12*j**4 + 1/120*j**6 + 0. Calculate the remainder when 4 is divided by h(-6).
1
Suppose -5*l = 4*a - 25, -a = 3*l + 2*a - 12. Calculate the remainder when 42 is divided by l.
6
Let r = 54 - 28. Let o(t) = -101*t. Let l be o(2). What is the remainder when r is divided by l/(-22) - 2/11?
8
Suppose -3*a - 318 = -3*r, -4*a - 114 = -3*a + r. Let c(m) = 18*m. Calculate the remainder when a/(3 + -5) - 3 is divided by c(1).
16
Let i(d) be the third derivative of -d**6/120 + d**5/20 + d**4/4 - d**3/2 - d**2. Let v = -5 + 8. What is the remainder when i(4) is divided by v?
2
Suppose -y + 3*r + 13 = -17, -4*y - 4*r + 56 = 0. What is the remainder when 53 is divided by y?
17
Let d(q) = 12*q - 4. Let k be d(3). Let j = k - 21. What is the remainder when 42 is divided by j?
9
What is the remainder when ((-60)/9 + -2)*-3 is divided by 6?
2
Calculate the remainder when 154/2 + 8/2 is divided by 12.
9
Let h(f) be the third derivative of f**4/24 - 2*f**3/3 + 2*f**2. Let b be h(4). Suppose 4*p 